 7, 47, 307, 2731
What are the prime factors of 438060138?
2, 3, 29, 2517587
What are the prime factors of 172820256?
2, 3, 7, 36739
List the prime factors of 285004910.
2, 5, 131, 217561
List the prime factors of 65385382.
2, 32692691
List the prime factors of 251808811.
17, 14812283
What are the prime factors of 1873869452?
2, 7, 13, 19, 29, 9343
List the prime factors of 1107140016.
2, 3, 2657, 8681
What are the prime factors of 97967439?
3, 19, 572909
List the prime factors of 3017649116.
2, 14747, 51157
List the prime factors of 68734164.
2, 3, 241, 23767
List the prime factors of 666581518.
2, 333290759
List the prime factors of 359385526.
2, 61, 1231, 2393
What are the prime factors of 124711889?
937, 133097
List the prime factors of 23102493.
3, 7700831
List the prime factors of 1341338495.
5, 7, 23, 238037
What are the prime factors of 588731568?
2, 3, 19, 37, 73, 239
What are the prime factors of 62443949?
229, 367, 743
List the prime factors of 194951676.
2, 3, 47, 345659
List the prime factors of 363889994.
2, 13, 43, 167, 1949
List the prime factors of 8250534.
2, 3, 458363
List the prime factors of 779522384.
2, 577, 84437
List the prime factors of 194122600.
2, 5, 7, 313, 443
List the prime factors of 231388826.
2, 115694413
What are the prime factors of 135434967?
3, 641, 70429
List the prime factors of 1372570072.
2, 17, 937, 10771
List the prime factors of 6779126900.
2, 5, 7, 13, 744959
What are the prime factors of 395484976?
2, 4421, 5591
List the prime factors of 93072800.
2, 5, 116341
What are the prime factors of 529773708?
2, 3, 44147809
List the prime factors of 65574096.
2, 3, 7, 195161
What are the prime factors of 862078672?
2, 7, 13, 592087
List the prime factors of 232569901.
37, 83, 75731
List the prime factors of 59964563.
59964563
What are the prime factors of 235126598?
2, 7, 1493, 1607
List the prime factors of 52621624.
2, 11, 433, 1381
What are the prime factors of 53091578?
2, 17, 281, 5557
List the prime factors of 157783225.
5, 6311329
What are the prime factors of 187317151?
7, 41, 93239
List the prime factors of 508275232.
2, 19, 835979
What are the prime factors of 161237139?
3, 7, 7677959
What are the prime factors of 1875470304?
2, 3, 19536149
List the prime factors of 2055713496.
2, 3, 137, 673, 929
List the prime factors of 630510591.
3, 43, 773, 6323
List the prime factors of 933398221.
7, 73, 1826611
List the prime factors of 388140943.
199, 1950457
What are the prime factors of 1036932405?
3, 5, 157, 440311
What are the prime factors of 59377468?
2, 14844367
List the prime factors of 3776376583.
7, 17, 1866721
List the prime factors of 46437848.
2, 1061, 5471
List the prime factors of 1786176413.
7, 229, 1114271
List the prime factors of 16374943.
13, 71, 113, 157
List the prime factors of 6337293.
3, 197, 10723
What are the prime factors of 2584612023?
3, 7, 37, 3326399
What are the prime factors of 80282765?
5, 23, 698111
What are the prime factors of 35879015?
5, 89, 80627
What are the prime factors of 4288277176?
2, 59, 1597, 5689
What are the prime factors of 109086019?
7, 113, 137909
What are the prime factors of 622804967?
947, 657661
What are the prime factors of 139614944?
2, 7, 623281
What are the prime factors of 111433018?
2, 97, 307, 1871
List the prime factors of 195766509.
3, 17, 73, 52583
What are the prime factors of 139636420?
2, 5, 7, 11, 8243
What are the prime factors of 6017124?
2, 3, 501427
List the prime factors of 92308618.
2, 331, 139439
What are the prime factors of 6897415250?
2, 5, 11, 2508151
List the prime factors of 78366433.
151, 518983
What are the prime factors of 1381190604?
2, 3, 193, 596369
List the prime factors of 48675509.
1117, 43577
What are the prime factors of 45196523?
17, 109, 24391
What are the prime factors of 87305048?
2, 211, 51721
List the prime factors of 325910869.
631, 516499
What are the prime factors of 486386106?
2, 3, 23, 3524537
What are the prime factors of 123989738?
2, 17, 37, 98561
What are the prime factors of 2571820308?
2, 3, 7937717
What are the prime factors of 789239773?
7, 17, 6632267
List the prime factors of 103472316.
2, 3, 106453
List the prime factors of 3206238.
2, 3, 7, 97, 787
List the prime factors of 854729491.
7, 11, 1585769
List the prime factors of 214093083.
3, 19, 3756019
What are the prime factors of 3480066785?
5, 13, 53539489
What are the prime factors of 371240420?
2, 5, 1381, 13441
What are the prime factors of 113231110?
2, 5, 11323111
List the prime factors of 704544862.
2, 7, 223, 225671
List the prime factors of 9018062507.
9018062507
List the prime factors of 54490444.
2, 263, 51797
List the prime factors of 84821901.
3, 28273967
List the prime factors of 66050313.
3, 7, 29, 108457
List the prime factors of 442680628.
2, 13, 654853
What are the prime factors of 187418473?
11, 1548913
What are the prime factors of 21354894?
2, 3, 11, 35951
List the prime factors of 56901752.
2, 97, 73327
List the prime factors of 65280428.
2, 19, 858953
List the prime factors of 803836188.
2, 3, 22328783
What are the prime factors of 30753842?
2, 7, 2196703
What are the prime factors of 3072587209?
83, 37019123
What are the prime factors of 11853664?
2, 370427
What are the prime factors of 799013834?
2, 383, 587, 1777
List the prime factors of 6034768696.
2, 11, 68576917
What are the prime factors of 535104075?
3, 5, 11, 491, 1321
What are the prime factors of 7289063470?
2, 5, 13, 761, 73679
What are the prime factors of 14911099?
7, 151, 14107
List the prime factors of 123714032.
2, 13, 17, 59, 593
List the prime factors of 974838754.
2, 193, 2525489
What are the prime factors of 828559693?
13, 41, 1554521
List the prime factors of 479622347.
479622347
List the prime factors of 901771653.
3, 300590551
What are the prime factors of 659159167?
659159167
What are the prime factors of 931822143?
3, 7, 79, 109, 5153
What are the prime factors of 2248601007?
3, 41, 18281309
What are the prime factors of 150743520?
2, 3, 5, 104683
What are the prime factors of 26207179?
26207179
List the prime factors of 26454660.
2, 3, 5, 440911
What are the prime factors of 31523303?
7, 269, 16741
List the prime factors of 191308708.
2, 29, 1649213
What are the prime factors of 49090128?
2, 3, 887, 1153
What are the prime factors of 102291980?
2, 5, 7, 73, 10009
What are the prime factors of 237435827?
661, 359207
List the prime factors of 215249993.
7, 19, 33029
List the prime factors of 336619665.
3, 5, 2493479
List the prime factors of 1708184127.
3, 13, 149, 293957
List the prime factors of 808618021.
239, 3383339
List the prime factors of 585664239.
3, 195221413
What are the prime factors of 562746036?
2, 3, 17, 541, 5099
List the prime factors of 49047688.
2, 83, 73867
What are the prime factors of 5077706928?
2, 3, 7, 2158889
What are the prime factors of 1122922540?
2, 5, 56146127
List the prime factors of 59481882.
2, 3, 103, 32083
What are the prime factors of 78268573?
78268573
What are the prime factors of 2443926290?
2, 5, 13, 17, 101, 10949
List the prime factors of 4253817535.
5, 11, 2213, 34949
What are the prime factors of 944194764?
2, 3, 773, 101789
What are the prime factors of 14288131?
11, 13, 41, 2437
List the prime factors of 269892487.
61, 4424467
List the prime factors of 987661766.
2, 7, 13, 5426713
What are the prime factors of 2398027550?
2, 5, 47960551
List the prime factors of 1312077138.
2, 3, 218679523
What are the prime factors of 7032310025?
5, 13, 21637877
List the prime factors of 82063016.
2, 7, 509, 2879
List the prime factors of 106325786.
2, 7, 17, 19, 3359
What are the prime factors of 614271910?
2, 5, 7, 29, 302597
List the prime factors of 1220785.
5, 244157
What are the prime factors of 294223325?
5, 11, 31, 34513
List the prime factors of 135687197.
59, 2299783
What are the prime factors of 84607281?
3, 11, 113, 2521
List the prime factors of 76916409.
3, 53, 483751
List the prime factors of 13069647.
3, 484061
What are the prime factors of 1634618775?
3, 5, 1193, 18269
List the prime factors of 1582258255.
5, 17, 18614803
List the prime factors of 728691544.
2, 7, 313, 5939
What are the prime factors of 178633003?
19, 37, 103, 2467
What are the prime factors of 10249736?
2, 7, 103, 177